t common divisor of 9630 and 90.
90
What is the greatest common divisor of 348 and 3567?
87
What is the greatest common factor of 12098 and 46?
46
Calculate the greatest common factor of 825 and 50.
25
Calculate the highest common factor of 132 and 39930.
66
What is the highest common factor of 8631 and 63?
63
Calculate the greatest common divisor of 1 and 37.
1
Calculate the highest common divisor of 24341 and 101.
101
What is the greatest common factor of 3104 and 679?
97
Calculate the highest common divisor of 302 and 4681.
151
Calculate the greatest common divisor of 1341 and 18.
9
Calculate the greatest common divisor of 268 and 20167.
67
Calculate the greatest common factor of 22 and 38.
2
Calculate the highest common divisor of 3306 and 1710.
114
Calculate the highest common divisor of 261 and 3480.
87
What is the greatest common divisor of 192 and 708?
12
Calculate the highest common factor of 2 and 53.
1
What is the highest common divisor of 70 and 490?
70
Calculate the highest common divisor of 893 and 1368.
19
What is the highest common factor of 119844 and 36?
36
Calculate the greatest common divisor of 2107 and 559.
43
Calculate the highest common factor of 840 and 4032.
168
What is the highest common factor of 323 and 51?
17
Calculate the highest common factor of 51 and 17.
17
What is the greatest common factor of 2608 and 32?
16
What is the highest common factor of 240 and 5?
5
What is the greatest common divisor of 24 and 162?
6
What is the highest common factor of 360 and 960?
120
What is the highest common factor of 690 and 810?
30
What is the greatest common factor of 117 and 624?
39
What is the greatest common divisor of 310 and 1674?
62
What is the greatest common factor of 231 and 6615?
21
What is the greatest common factor of 2279 and 53?
53
Calculate the greatest common divisor of 495 and 55.
55
What is the highest common divisor of 144 and 90?
18
Calculate the greatest common divisor of 126 and 36.
18
Calculate the greatest common factor of 51 and 24.
3
Calculate the highest common factor of 3895 and 615.
205
What is the greatest common divisor of 22 and 77?
11
Calculate the greatest common divisor of 112 and 70.
14
What is the highest common factor of 104 and 7592?
104
What is the highest common factor of 194 and 2?
2
Calculate the greatest common divisor of 14 and 21.
7
What is the greatest common factor of 105 and 84?
21
What is the greatest common factor of 18 and 8361?
9
Calculate the greatest common factor of 99 and 18.
9
What is the greatest common factor of 92 and 196?
4
Calculate the greatest common factor of 1070 and 80.
10
Calculate the highest common factor of 375 and 575.
25
What is the greatest common factor of 540 and 48?
12
Calculate the highest common divisor of 37 and 9213.
37
Calculate the highest common factor of 22714 and 82.
82
Calculate the greatest common factor of 28 and 868.
28
Calculate the highest common factor of 27 and 11934.
27
What is the greatest common divisor of 15 and 255?
15
What is the greatest common divisor of 110 and 55?
55
What is the greatest common divisor of 1173 and 138?
69
Calculate the greatest common divisor of 10 and 30.
10
What is the highest common factor of 368 and 176?
16
What is the greatest common factor of 29 and 1?
1
What is the highest common divisor of 10 and 93?
1
What is the greatest common divisor of 123 and 12669?
123
Calculate the highest common divisor of 6 and 33.
3
Calculate the greatest common divisor of 29 and 261.
29
Calculate the greatest common divisor of 1300 and 52.
52
Calculate the highest common factor of 45 and 972.
9
What is the greatest common factor of 738 and 144?
18
Calculate the highest common factor of 150 and 250.
50
What is the greatest common factor of 336 and 21?
21
Calculate the highest common factor of 3220 and 168.
28
Calculate the highest common divisor of 125 and 1175.
25
What is the greatest common factor of 1099 and 1256?
157
What is the greatest common divisor of 76 and 988?
76
What is the greatest common divisor of 1300 and 676?
52
What is the highest common divisor of 968 and 72?
8
What is the highest common factor of 1593 and 54?
27
What is the highest common factor of 6956 and 148?
148
Calculate the highest common factor of 85 and 187.
17
What is the highest common divisor of 5 and 2?
1
What is the greatest common factor of 72 and 384?
24
What is the greatest common factor of 1 and 4268?
1
What is the highest common divisor of 2204 and 464?
116
Calculate the greatest common divisor of 26 and 6786.
26
Calculate the greatest common factor of 84 and 300.
12
What is the greatest common factor of 110 and 3520?
110
What is the highest common factor of 35 and 1603?
7
Calculate the greatest common factor of 138 and 46.
46
What is the greatest common factor of 19586 and 14?
14
Calculate the greatest common divisor of 320 and 5.
5
Calculate the highest common divisor of 13 and 143.
13
What is the highest common divisor of 13 and 1469?
13
Calculate the highest common divisor of 28 and 126.
14
What is the greatest common factor of 784 and 28?
28
What is the highest common divisor of 3 and 249?
3
Calculate the greatest common divisor of 206 and 927.
103
What is the greatest common factor of 102 and 918?
102
Calculate the highest common factor of 38 and 304.
38
Calculate the highest common factor of 112 and 1848.
56
What is the greatest common divisor of 3657 and 1104?
69
What is the greatest common divisor of 2904 and 216?
24
What is the highest common factor of 94 and 329?
47
What is the greatest common factor of 3384 and 72?
72
Calculate the greatest common divisor of 425 and 51.
17
What is the highest common divisor of 28 and 378?
14
Calculate the greatest common divisor of 3 and 24.
3
Calculate the greatest common divisor of 3440 and 240.
80
What is the highest common factor of 11 and 33?
11
Calculate the highest common factor of 6109 and 596.
149
Calculate the greatest common factor of 1264 and 208.
16
What is the greatest common factor of 266 and 56?
14
Calculate the greatest common factor of 40 and 2740.
20
What is the highest common factor of 18102 and 168?
42
Calculate the greatest common divisor of 869 and 11.
11
Calculate the highest common factor of 47 and 235.
47
Calculate the highest common factor of 1720 and 160.
40
What is the greatest common factor of 51 and 5678?
17
What is the greatest common factor of 4 and 52?
4
What is the greatest common factor of 2672 and 32?
16
What is the greatest common divisor of 3377 and 22?
11
What is the greatest common divisor of 93 and 723?
3
What is the greatest common divisor of 14 and 254?
2
Calculate the highest common factor of 36 and 8244.
36
Calculate the highest common divisor of 24 and 1452.
12
What is the greatest common factor of 274 and 2?
2
What is the greatest common divisor of 324 and 180?
36
What is the highest common factor of 1368 and 6498?
342
What is the greatest common divisor of 256 and 6?
2
What is the greatest common factor of 69 and 23?
23
Calculate the greatest common divisor of 219 and 1971.
219
Calculate the greatest common factor of 649 and 22.
11
What is the greatest common factor of 16049 and 11?
11
Calculate the greatest common factor of 170 and 272.
34
Calculate the highest common divisor of 258 and 354.
6
What is the greatest common divisor of 15572 and 4?
4
Calculate the greatest common factor of 217 and 496.
31
What is the highest common divisor of 444 and 96?
12
What is the highest common divisor of 1271 and 1519?
31
What is the greatest common divisor of 3610 and 95?
95
Calculate the greatest common factor of 1256 and 1727.
157
What is the greatest common factor of 38 and 6422?
38
Calculate the greatest common factor of 96 and 42144.
96
What is the highest common divisor of 320 and 1808?
16
What is the greatest common divisor of 2279 and 159?
53
What is the highest common divisor of 34 and 8?
2
What is the greatest common divisor of 9 and 477?
9
What is the greatest common factor of 36 and 1128?
12
What is the greatest common divisor of 52 and 962?
26
Calculate the highest common factor of 8 and 40.
8
Calculate the highest common factor of 1936 and 16.
16
What is the highest common factor of 1088 and 1056?
32
Calculate the highest common div